{"id":49,"date":"2021-12-22T10:05:16","date_gmt":"2021-12-22T13:05:16","guid":{"rendered":"https:\/\/louismenezes.com.br\/portfolio\/mobiliar\/?post_type=product&#038;p=49"},"modified":"2021-12-23T09:03:08","modified_gmt":"2021-12-23T12:03:08","slug":"mesa-para-escritorio-office-estilo-industrial-120cm-kuadra-compace-snow","status":"publish","type":"product","link":"https:\/\/louismenezes.com.br\/portfolio\/mobiliar\/produto\/mesa-para-escritorio-office-estilo-industrial-120cm-kuadra-compace-snow\/","title":{"rendered":"Mesa para Escrit\u00f3rio Office Estilo Industrial 120cm Kuadra Compace Snow"},"content":{"rendered":"<div id=\"tab-description\" class=\"woocommerce-Tabs-panel woocommerce-Tabs-panel--description panel entry-content wc-tab\" role=\"tabpanel\" aria-labelledby=\"tab-title-description\">\n<div class=\"src__TextWrapper-sc-70o4ee-3 eoVIzh\">\n<h2>Descri\u00e7\u00e3o<\/h2>\n<div class=\"helper--has-margin-bottom\">\n<p class=\"helper--has-text-bold helper--has-margin-bottom\"><strong>Mesa para Escrit\u00f3rio Office Estilo Industrial 120cm Kuadra Compace<\/strong><\/p>\n<p>A linha Kuadra tem seu design com inspira\u00e7\u00e3o no estilo industrial, que remete muito a decora\u00e7\u00e3o utilizada nos lofts das grandes metr\u00f3poles nos anos 60 e 70. Harmonizando o metal e os tons de madeira, foram projetados m\u00f3veis vers\u00e1teis e com estilo, que podem compor ambientes flex\u00edveis cheios de personalidade, perfeitos para voc\u00ea decorar sua casa ou seu trabalho, tendo um resultado que caminha do estilo r\u00fastico ao moderno. Suas estruturas s\u00e3o fabricadas em a\u00e7o, com soldas suavizadas e pintura texturizada ep\u00f3xi-p\u00f3. Conta com p\u00e9s niveladores de altura e parafusos na cor preta. Para os tampos s\u00e3o utilizados MDP-BP acetinado com fitas de borda em PVC, dando uma maior durabilidade ao seu m\u00f3vel. A mesa KUME120 tem montagem simples e vers\u00e1til, podendo ser utilizado em diversas composi\u00e7\u00f5es com outros m\u00f3veis, sendo perfeita para fazer parte do seu escrit\u00f3rio ou sala.<\/p>\n<\/div>\n<h3 class=\"helper--has-text-subititle\">Dimens\u00f5es<\/h3>\n<table class=\"table table--is-striped table--is-borderless helper--is-full-width helper--has-margin-bottom\">\n<tbody>\n<tr>\n<td width=\"30%\"><strong>Altura<\/strong><\/td>\n<td>75 cm<\/td>\n<\/tr>\n<tr>\n<td width=\"30%\"><strong>Largura<\/strong><\/td>\n<td>120 cm<\/td>\n<\/tr>\n<tr>\n<td width=\"30%\"><strong>Profundidade<\/strong><\/td>\n<td>60 cm<\/td>\n<\/tr>\n<\/tbody>\n<\/table>\n<h3 class=\"helper--has-text-subititle\">Caracter\u00edsticas<\/h3>\n<table class=\"table table--is-striped table--is-borderless helper--is-full-width\">\n<tbody>\n<tr>\n<td width=\"30%\"><strong>Possui Suporte para Teclado<\/strong><\/td>\n<td>N\u00e3o<\/td>\n<\/tr>\n<tr>\n<td width=\"30%\"><strong>Possui Passa Cabos<\/strong><\/td>\n<td>N\u00e3o<\/td>\n<\/tr>\n<tr>\n<td width=\"30%\"><strong>Cor<\/strong><\/td>\n<td>Snow<\/td>\n<\/tr>\n<tr>\n<td width=\"30%\"><strong>Material Principal<\/strong><\/td>\n<td>MDP<\/td>\n<\/tr>\n<tr>\n<td width=\"30%\"><strong>Peso<\/strong><\/td>\n<td>13,7 kg<\/td>\n<\/tr>\n<tr>\n<td width=\"30%\"><strong>Possui Gavetas<\/strong><\/td>\n<td>N\u00e3o<\/td>\n<\/tr>\n<tr>\n<td width=\"30%\"><strong>Possui Portas<\/strong><\/td>\n<td>N\u00e3o<\/td>\n<\/tr>\n<tr>\n<td width=\"30%\"><strong>Possui Prateleiras<\/strong><\/td>\n<td>N\u00e3o<\/td>\n<\/tr>\n<tr>\n<td width=\"30%\"><strong>Possui Rod\u00edzio<\/strong><\/td>\n<td>N\u00e3o<\/td>\n<\/tr>\n<tr>\n<td width=\"30%\"><strong>Sistema de Montagem<\/strong><\/td>\n<td>Parafusos<\/td>\n<\/tr>\n<tr>\n<td width=\"30%\"><strong>Suporta At\u00e9 (kg)<\/strong><\/td>\n<td>30 kg<\/td>\n<\/tr>\n<tr>\n<td width=\"30%\"><strong>Largura<\/strong><\/td>\n<td>120 cm<\/td>\n<\/tr>\n<tr>\n<td width=\"30%\"><strong>Estilo<\/strong><\/td>\n<td>Industrial<\/td>\n<\/tr>\n<tr>\n<td width=\"30%\"><strong>Itens Inclusos<\/strong><\/td>\n<td>1 Mesa<\/td>\n<\/tr>\n<tr>\n<td width=\"30%\"><strong>Gaveta com Chave<\/strong><\/td>\n<td>N\u00e3o<\/td>\n<\/tr>\n<tr>\n<td width=\"30%\"><strong>Linha ou Cole\u00e7\u00e3o<\/strong><\/td>\n<td>Kuadra<\/td>\n<\/tr>\n<tr>\n<td width=\"30%\"><strong>Formato<\/strong><\/td>\n<td>Retangular<\/td>\n<\/tr>\n<tr>\n<td width=\"30%\"><strong>Garantia<\/strong><\/td>\n<td>03 meses<\/td>\n<\/tr>\n<tr>\n<td width=\"30%\"><strong>Material dos P\u00e9s<\/strong><\/td>\n<td>A\u00e7o<\/td>\n<\/tr>\n<tr>\n<td width=\"30%\"><strong>Manual de Montagem e Instala\u00e7\u00e3o<\/strong><\/td>\n<td><a href=\"https:\/\/cdn2.madeiramadeira.com.br\/atributo\/compace\/391942-mesa-kuadra-manual-web.pdf\" target=\"_blank\" rel=\"noopener\">Clique aqui para acessar<\/a><\/td>\n<\/tr>\n<tr>\n<td width=\"30%\"><strong>Origem do Produto<\/strong><\/td>\n<td>Nacional<\/td>\n<\/tr>\n<tr>\n<td width=\"30%\"><strong>Complexidade da Montagem<\/strong><\/td>\n<td>Baixa: pode ser montado por uma pessoa sozinha<\/td>\n<\/tr>\n<tr>\n<td width=\"30%\"><strong>Cor do Produto<\/strong><\/td>\n<td>Snow<\/td>\n<\/tr>\n<tr>\n<td width=\"30%\"><strong>Profundidade<\/strong><\/td>\n<td>60 cm<\/td>\n<\/tr>\n<tr>\n<td width=\"30%\"><strong>Acabamento dos P\u00e9s<\/strong><\/td>\n<td>Pintura<\/td>\n<\/tr>\n<tr>\n<td width=\"30%\"><strong>Altura dos P\u00e9s<\/strong><\/td>\n<td>72 cm<\/td>\n<\/tr>\n<tr>\n<td width=\"30%\"><strong>Cor Interna<\/strong><\/td>\n<td>Snow<\/td>\n<\/tr>\n<tr>\n<td width=\"30%\"><strong>Necessita Montagem<\/strong><\/td>\n<td>Sim<\/td>\n<\/tr>\n<tr>\n<td width=\"30%\"><strong>P\u00e9s Regul\u00e1veis<\/strong><\/td>\n<td>N\u00e3o<\/td>\n<\/tr>\n<tr>\n<td width=\"30%\"><strong>Possui P\u00e9s<\/strong><\/td>\n<td>02<\/td>\n<\/tr>\n<tr>\n<td width=\"30%\"><strong>Possui Porta Objetos<\/strong><\/td>\n<td>N\u00e3o<\/td>\n<\/tr>\n<tr>\n<td width=\"30%\"><strong>Possui suporte para CPU<\/strong><\/td>\n<td>N\u00e3o<\/td>\n<\/tr>\n<tr>\n<td width=\"30%\"><strong>Sapatas Niveladoras<\/strong><\/td>\n<td>Sim<\/td>\n<\/tr>\n<tr>\n<td width=\"30%\"><strong>Acabamento<\/strong><\/td>\n<td>BP<\/td>\n<\/tr>\n<tr>\n<td width=\"30%\"><strong>Altura<\/strong><\/td>\n<td>75 cm<\/td>\n<\/tr>\n<tr>\n<td width=\"30%\"><strong>Cor Predominante<\/strong><\/td>\n<td>Branco<\/td>\n<\/tr>\n<tr>\n<td width=\"30%\"><strong>Escala de Brilho<\/strong><\/td>\n<td>Fosco<\/td>\n<\/tr>\n<tr>\n<td width=\"30%\"><strong>Recomenda\u00e7\u00f5es de Uso, Manuten\u00e7\u00e3o e Limpeza<\/strong><\/td>\n<td>Para a limpeza, utilize flanela seca ou pano macio levemente umedecido em \u00e1gua. Utilize um pano seco em seguida. Evite contato com produtos qu\u00edmicos (solventes, thinner, acetona, etc) e n\u00e3o utilize nenhum tipo de esponja de a\u00e7o.<\/td>\n<\/tr>\n<\/tbody>\n<\/table>\n<\/div>\n<div class=\"src__DeskWrapper-sc-70o4ee-4 kgeEqy\"><\/div>\n<\/div>\n","protected":false},"excerpt":{"rendered":"<p>A linha Kuadra tem seu design com inspira\u00e7\u00e3o no estilo industrial, que remete muito a decora\u00e7\u00e3o utilizada nos lofts das grandes metr\u00f3poles nos anos 60 e 70. Harmonizando o metal e os tons de madeira, foram projetados m\u00f3veis vers\u00e1teis e com estilo, que podem compor ambientes flex\u00edveis cheios de personalidade, perfeitos para voc\u00ea decorar sua casa ou seu trabalho, tendo um resultado que caminha do estilo r\u00fastico ao moderno. Suas estruturas s\u00e3o fabricadas em a\u00e7o, com soldas suavizadas e pintura texturizada ep\u00f3xi-p\u00f3. Conta com p\u00e9s niveladores de altura e parafusos na cor preta. Para os tampos s\u00e3o utilizados MDP-BP acetinado com fitas de borda em PVC, dando uma maior durabilidade ao seu m\u00f3vel. A mesa KUME120 tem montagem simples e vers\u00e1til, podendo ser utilizado em diversas composi\u00e7\u00f5es com outros m\u00f3veis, sendo perfeita para fazer parte do seu escrit\u00f3rio ou sala.<\/p>\n","protected":false},"featured_media":74,"comment_status":"open","ping_status":"closed","template":"","meta":[],"product_brand":[],"product_cat":[25,16],"product_tag":[],"class_list":{"0":"post-49","1":"product","2":"type-product","3":"status-publish","4":"has-post-thumbnail","6":"product_cat-mesa-de-escritorio","7":"product_cat-moveis","9":"first","10":"instock","11":"sale","12":"shipping-taxable","13":"purchasable","14":"product-type-simple"},"yoast_head":"<!-- This site is optimized with the Yoast SEO plugin v27.2 - https:\/\/yoast.com\/product\/yoast-seo-wordpress\/ -->\n<title>Mesa para Escrit\u00f3rio Office Estilo Industrial 120cm Kuadra Compace Snow - Mobiliar<\/title>\n<meta name=\"robots\" content=\"index, follow, max-snippet:-1, max-image-preview:large, max-video-preview:-1\" \/>\n<link rel=\"canonical\" href=\"https:\/\/louismenezes.com.br\/portfolio\/mobiliar\/produto\/mesa-para-escritorio-office-estilo-industrial-120cm-kuadra-compace-snow\/\" \/>\n<meta property=\"og:locale\" content=\"pt_BR\" \/>\n<meta property=\"og:type\" content=\"article\" \/>\n<meta property=\"og:title\" content=\"Mesa para Escrit\u00f3rio Office Estilo Industrial 120cm Kuadra Compace Snow - Mobiliar\" \/>\n<meta property=\"og:description\" content=\"A linha Kuadra tem seu design com inspira\u00e7\u00e3o no estilo industrial, que remete muito a decora\u00e7\u00e3o utilizada nos lofts das grandes metr\u00f3poles nos anos 60 e 70. Harmonizando o metal e os tons de madeira, foram projetados m\u00f3veis vers\u00e1teis e com estilo, que podem compor ambientes flex\u00edveis cheios de personalidade, perfeitos para voc\u00ea decorar sua casa ou seu trabalho, tendo um resultado que caminha do estilo r\u00fastico ao moderno. Suas estruturas s\u00e3o fabricadas em a\u00e7o, com soldas suavizadas e pintura texturizada ep\u00f3xi-p\u00f3. Conta com p\u00e9s niveladores de altura e parafusos na cor preta. Para os tampos s\u00e3o utilizados MDP-BP acetinado com fitas de borda em PVC, dando uma maior durabilidade ao seu m\u00f3vel. A mesa KUME120 tem montagem simples e vers\u00e1til, podendo ser utilizado em diversas composi\u00e7\u00f5es com outros m\u00f3veis, sendo perfeita para fazer parte do seu escrit\u00f3rio ou sala.\" \/>\n<meta property=\"og:url\" content=\"https:\/\/louismenezes.com.br\/portfolio\/mobiliar\/produto\/mesa-para-escritorio-office-estilo-industrial-120cm-kuadra-compace-snow\/\" \/>\n<meta property=\"og:site_name\" content=\"Mobiliar\" \/>\n<meta property=\"article:modified_time\" content=\"2021-12-23T12:03:08+00:00\" \/>\n<meta property=\"og:image\" content=\"https:\/\/louismenezes.com.br\/portfolio\/mobiliar\/wp-content\/uploads\/2021\/12\/mesa-escritorio1.jpg\" \/>\n\t<meta property=\"og:image:width\" content=\"602\" \/>\n\t<meta property=\"og:image:height\" content=\"602\" \/>\n\t<meta property=\"og:image:type\" content=\"image\/jpeg\" \/>\n<meta name=\"twitter:card\" content=\"summary_large_image\" \/>\n<meta name=\"twitter:label1\" content=\"Est. tempo de leitura\" \/>\n\t<meta name=\"twitter:data1\" content=\"2 minutos\" \/>\n<script type=\"application\/ld+json\" class=\"yoast-schema-graph\">{\"@context\":\"https:\/\/schema.org\",\"@graph\":[{\"@type\":\"WebPage\",\"@id\":\"https:\/\/louismenezes.com.br\/portfolio\/mobiliar\/produto\/mesa-para-escritorio-office-estilo-industrial-120cm-kuadra-compace-snow\/\",\"url\":\"https:\/\/louismenezes.com.br\/portfolio\/mobiliar\/produto\/mesa-para-escritorio-office-estilo-industrial-120cm-kuadra-compace-snow\/\",\"name\":\"Mesa para Escrit\u00f3rio Office Estilo Industrial 120cm Kuadra Compace Snow - Mobiliar\",\"isPartOf\":{\"@id\":\"https:\/\/louismenezes.com.br\/portfolio\/mobiliar\/#website\"},\"primaryImageOfPage\":{\"@id\":\"https:\/\/louismenezes.com.br\/portfolio\/mobiliar\/produto\/mesa-para-escritorio-office-estilo-industrial-120cm-kuadra-compace-snow\/#primaryimage\"},\"image\":{\"@id\":\"https:\/\/louismenezes.com.br\/portfolio\/mobiliar\/produto\/mesa-para-escritorio-office-estilo-industrial-120cm-kuadra-compace-snow\/#primaryimage\"},\"thumbnailUrl\":\"https:\/\/louismenezes.com.br\/portfolio\/mobiliar\/wp-content\/uploads\/2021\/12\/mesa-escritorio1.jpg\",\"datePublished\":\"2021-12-22T13:05:16+00:00\",\"dateModified\":\"2021-12-23T12:03:08+00:00\",\"breadcrumb\":{\"@id\":\"https:\/\/louismenezes.com.br\/portfolio\/mobiliar\/produto\/mesa-para-escritorio-office-estilo-industrial-120cm-kuadra-compace-snow\/#breadcrumb\"},\"inLanguage\":\"pt-BR\",\"potentialAction\":[{\"@type\":\"ReadAction\",\"target\":[\"https:\/\/louismenezes.com.br\/portfolio\/mobiliar\/produto\/mesa-para-escritorio-office-estilo-industrial-120cm-kuadra-compace-snow\/\"]}]},{\"@type\":\"ImageObject\",\"inLanguage\":\"pt-BR\",\"@id\":\"https:\/\/louismenezes.com.br\/portfolio\/mobiliar\/produto\/mesa-para-escritorio-office-estilo-industrial-120cm-kuadra-compace-snow\/#primaryimage\",\"url\":\"https:\/\/louismenezes.com.br\/portfolio\/mobiliar\/wp-content\/uploads\/2021\/12\/mesa-escritorio1.jpg\",\"contentUrl\":\"https:\/\/louismenezes.com.br\/portfolio\/mobiliar\/wp-content\/uploads\/2021\/12\/mesa-escritorio1.jpg\",\"width\":602,\"height\":602},{\"@type\":\"BreadcrumbList\",\"@id\":\"https:\/\/louismenezes.com.br\/portfolio\/mobiliar\/produto\/mesa-para-escritorio-office-estilo-industrial-120cm-kuadra-compace-snow\/#breadcrumb\",\"itemListElement\":[{\"@type\":\"ListItem\",\"position\":1,\"name\":\"In\u00edcio\",\"item\":\"https:\/\/louismenezes.com.br\/portfolio\/mobiliar\/\"},{\"@type\":\"ListItem\",\"position\":2,\"name\":\"Loja\",\"item\":\"https:\/\/louismenezes.com.br\/portfolio\/mobiliar\/loja\/\"},{\"@type\":\"ListItem\",\"position\":3,\"name\":\"Mesa para Escrit\u00f3rio Office Estilo Industrial 120cm Kuadra Compace Snow\"}]},{\"@type\":\"WebSite\",\"@id\":\"https:\/\/louismenezes.com.br\/portfolio\/mobiliar\/#website\",\"url\":\"https:\/\/louismenezes.com.br\/portfolio\/mobiliar\/\",\"name\":\"Mobiliar\",\"description\":\"Sua casa do seu jeito!\",\"publisher\":{\"@id\":\"https:\/\/louismenezes.com.br\/portfolio\/mobiliar\/#organization\"},\"potentialAction\":[{\"@type\":\"SearchAction\",\"target\":{\"@type\":\"EntryPoint\",\"urlTemplate\":\"https:\/\/louismenezes.com.br\/portfolio\/mobiliar\/?s={search_term_string}\"},\"query-input\":{\"@type\":\"PropertyValueSpecification\",\"valueRequired\":true,\"valueName\":\"search_term_string\"}}],\"inLanguage\":\"pt-BR\"},{\"@type\":\"Organization\",\"@id\":\"https:\/\/louismenezes.com.br\/portfolio\/mobiliar\/#organization\",\"name\":\"Mobiliar\",\"url\":\"https:\/\/louismenezes.com.br\/portfolio\/mobiliar\/\",\"logo\":{\"@type\":\"ImageObject\",\"inLanguage\":\"pt-BR\",\"@id\":\"https:\/\/louismenezes.com.br\/portfolio\/mobiliar\/#\/schema\/logo\/image\/\",\"url\":\"https:\/\/louismenezes.com.br\/portfolio\/mobiliar\/wp-content\/uploads\/2021\/12\/logo-mobiliar-1.png\",\"contentUrl\":\"https:\/\/louismenezes.com.br\/portfolio\/mobiliar\/wp-content\/uploads\/2021\/12\/logo-mobiliar-1.png\",\"width\":717,\"height\":133,\"caption\":\"Mobiliar\"},\"image\":{\"@id\":\"https:\/\/louismenezes.com.br\/portfolio\/mobiliar\/#\/schema\/logo\/image\/\"}}]}<\/script>\n<!-- \/ Yoast SEO plugin. -->","yoast_head_json":{"title":"Mesa para Escrit\u00f3rio Office Estilo Industrial 120cm Kuadra Compace Snow - Mobiliar","robots":{"index":"index","follow":"follow","max-snippet":"max-snippet:-1","max-image-preview":"max-image-preview:large","max-video-preview":"max-video-preview:-1"},"canonical":"https:\/\/louismenezes.com.br\/portfolio\/mobiliar\/produto\/mesa-para-escritorio-office-estilo-industrial-120cm-kuadra-compace-snow\/","og_locale":"pt_BR","og_type":"article","og_title":"Mesa para Escrit\u00f3rio Office Estilo Industrial 120cm Kuadra Compace Snow - Mobiliar","og_description":"A linha Kuadra tem seu design com inspira\u00e7\u00e3o no estilo industrial, que remete muito a decora\u00e7\u00e3o utilizada nos lofts das grandes metr\u00f3poles nos anos 60 e 70. Harmonizando o metal e os tons de madeira, foram projetados m\u00f3veis vers\u00e1teis e com estilo, que podem compor ambientes flex\u00edveis cheios de personalidade, perfeitos para voc\u00ea decorar sua casa ou seu trabalho, tendo um resultado que caminha do estilo r\u00fastico ao moderno. Suas estruturas s\u00e3o fabricadas em a\u00e7o, com soldas suavizadas e pintura texturizada ep\u00f3xi-p\u00f3. Conta com p\u00e9s niveladores de altura e parafusos na cor preta. Para os tampos s\u00e3o utilizados MDP-BP acetinado com fitas de borda em PVC, dando uma maior durabilidade ao seu m\u00f3vel. A mesa KUME120 tem montagem simples e vers\u00e1til, podendo ser utilizado em diversas composi\u00e7\u00f5es com outros m\u00f3veis, sendo perfeita para fazer parte do seu escrit\u00f3rio ou sala.","og_url":"https:\/\/louismenezes.com.br\/portfolio\/mobiliar\/produto\/mesa-para-escritorio-office-estilo-industrial-120cm-kuadra-compace-snow\/","og_site_name":"Mobiliar","article_modified_time":"2021-12-23T12:03:08+00:00","og_image":[{"width":602,"height":602,"url":"https:\/\/louismenezes.com.br\/portfolio\/mobiliar\/wp-content\/uploads\/2021\/12\/mesa-escritorio1.jpg","type":"image\/jpeg"}],"twitter_card":"summary_large_image","twitter_misc":{"Est. tempo de leitura":"2 minutos"},"schema":{"@context":"https:\/\/schema.org","@graph":[{"@type":"WebPage","@id":"https:\/\/louismenezes.com.br\/portfolio\/mobiliar\/produto\/mesa-para-escritorio-office-estilo-industrial-120cm-kuadra-compace-snow\/","url":"https:\/\/louismenezes.com.br\/portfolio\/mobiliar\/produto\/mesa-para-escritorio-office-estilo-industrial-120cm-kuadra-compace-snow\/","name":"Mesa para Escrit\u00f3rio Office Estilo Industrial 120cm Kuadra Compace Snow - Mobiliar","isPartOf":{"@id":"https:\/\/louismenezes.com.br\/portfolio\/mobiliar\/#website"},"primaryImageOfPage":{"@id":"https:\/\/louismenezes.com.br\/portfolio\/mobiliar\/produto\/mesa-para-escritorio-office-estilo-industrial-120cm-kuadra-compace-snow\/#primaryimage"},"image":{"@id":"https:\/\/louismenezes.com.br\/portfolio\/mobiliar\/produto\/mesa-para-escritorio-office-estilo-industrial-120cm-kuadra-compace-snow\/#primaryimage"},"thumbnailUrl":"https:\/\/louismenezes.com.br\/portfolio\/mobiliar\/wp-content\/uploads\/2021\/12\/mesa-escritorio1.jpg","datePublished":"2021-12-22T13:05:16+00:00","dateModified":"2021-12-23T12:03:08+00:00","breadcrumb":{"@id":"https:\/\/louismenezes.com.br\/portfolio\/mobiliar\/produto\/mesa-para-escritorio-office-estilo-industrial-120cm-kuadra-compace-snow\/#breadcrumb"},"inLanguage":"pt-BR","potentialAction":[{"@type":"ReadAction","target":["https:\/\/louismenezes.com.br\/portfolio\/mobiliar\/produto\/mesa-para-escritorio-office-estilo-industrial-120cm-kuadra-compace-snow\/"]}]},{"@type":"ImageObject","inLanguage":"pt-BR","@id":"https:\/\/louismenezes.com.br\/portfolio\/mobiliar\/produto\/mesa-para-escritorio-office-estilo-industrial-120cm-kuadra-compace-snow\/#primaryimage","url":"https:\/\/louismenezes.com.br\/portfolio\/mobiliar\/wp-content\/uploads\/2021\/12\/mesa-escritorio1.jpg","contentUrl":"https:\/\/louismenezes.com.br\/portfolio\/mobiliar\/wp-content\/uploads\/2021\/12\/mesa-escritorio1.jpg","width":602,"height":602},{"@type":"BreadcrumbList","@id":"https:\/\/louismenezes.com.br\/portfolio\/mobiliar\/produto\/mesa-para-escritorio-office-estilo-industrial-120cm-kuadra-compace-snow\/#breadcrumb","itemListElement":[{"@type":"ListItem","position":1,"name":"In\u00edcio","item":"https:\/\/louismenezes.com.br\/portfolio\/mobiliar\/"},{"@type":"ListItem","position":2,"name":"Loja","item":"https:\/\/louismenezes.com.br\/portfolio\/mobiliar\/loja\/"},{"@type":"ListItem","position":3,"name":"Mesa para Escrit\u00f3rio Office Estilo Industrial 120cm Kuadra Compace Snow"}]},{"@type":"WebSite","@id":"https:\/\/louismenezes.com.br\/portfolio\/mobiliar\/#website","url":"https:\/\/louismenezes.com.br\/portfolio\/mobiliar\/","name":"Mobiliar","description":"Sua casa do seu jeito!","publisher":{"@id":"https:\/\/louismenezes.com.br\/portfolio\/mobiliar\/#organization"},"potentialAction":[{"@type":"SearchAction","target":{"@type":"EntryPoint","urlTemplate":"https:\/\/louismenezes.com.br\/portfolio\/mobiliar\/?s={search_term_string}"},"query-input":{"@type":"PropertyValueSpecification","valueRequired":true,"valueName":"search_term_string"}}],"inLanguage":"pt-BR"},{"@type":"Organization","@id":"https:\/\/louismenezes.com.br\/portfolio\/mobiliar\/#organization","name":"Mobiliar","url":"https:\/\/louismenezes.com.br\/portfolio\/mobiliar\/","logo":{"@type":"ImageObject","inLanguage":"pt-BR","@id":"https:\/\/louismenezes.com.br\/portfolio\/mobiliar\/#\/schema\/logo\/image\/","url":"https:\/\/louismenezes.com.br\/portfolio\/mobiliar\/wp-content\/uploads\/2021\/12\/logo-mobiliar-1.png","contentUrl":"https:\/\/louismenezes.com.br\/portfolio\/mobiliar\/wp-content\/uploads\/2021\/12\/logo-mobiliar-1.png","width":717,"height":133,"caption":"Mobiliar"},"image":{"@id":"https:\/\/louismenezes.com.br\/portfolio\/mobiliar\/#\/schema\/logo\/image\/"}}]}},"_links":{"self":[{"href":"https:\/\/louismenezes.com.br\/portfolio\/mobiliar\/wp-json\/wp\/v2\/product\/49","targetHints":{"allow":["GET"]}}],"collection":[{"href":"https:\/\/louismenezes.com.br\/portfolio\/mobiliar\/wp-json\/wp\/v2\/product"}],"about":[{"href":"https:\/\/louismenezes.com.br\/portfolio\/mobiliar\/wp-json\/wp\/v2\/types\/product"}],"replies":[{"embeddable":true,"href":"https:\/\/louismenezes.com.br\/portfolio\/mobiliar\/wp-json\/wp\/v2\/comments?post=49"}],"wp:featuredmedia":[{"embeddable":true,"href":"https:\/\/louismenezes.com.br\/portfolio\/mobiliar\/wp-json\/wp\/v2\/media\/74"}],"wp:attachment":[{"href":"https:\/\/louismenezes.com.br\/portfolio\/mobiliar\/wp-json\/wp\/v2\/media?parent=49"}],"wp:term":[{"taxonomy":"product_brand","embeddable":true,"href":"https:\/\/louismenezes.com.br\/portfolio\/mobiliar\/wp-json\/wp\/v2\/product_brand?post=49"},{"taxonomy":"product_cat","embeddable":true,"href":"https:\/\/louismenezes.com.br\/portfolio\/mobiliar\/wp-json\/wp\/v2\/product_cat?post=49"},{"taxonomy":"product_tag","embeddable":true,"href":"https:\/\/louismenezes.com.br\/portfolio\/mobiliar\/wp-json\/wp\/v2\/product_tag?post=49"}],"curies":[{"name":"wp","href":"https:\/\/api.w.org\/{rel}","templated":true}]}}