{"id":46,"date":"2021-12-22T09:56:15","date_gmt":"2021-12-22T12:56:15","guid":{"rendered":"https:\/\/louismenezes.com.br\/portfolio\/mobiliar\/?post_type=product&#038;p=46"},"modified":"2021-12-23T09:01:46","modified_gmt":"2021-12-23T12:01:46","slug":"conjunto-mesa-de-jantar-off-white-dubai-135m-mdf-com-4-cadeiras-castanho-areia","status":"publish","type":"product","link":"https:\/\/louismenezes.com.br\/portfolio\/mobiliar\/produto\/conjunto-mesa-de-jantar-off-white-dubai-135m-mdf-com-4-cadeiras-castanho-areia\/","title":{"rendered":"Conjunto Mesa de Jantar Off White Dubai 1,35m MDF com 4 Cadeiras Castanho \/ Areia"},"content":{"rendered":"<div id=\"tab-description\" class=\"woocommerce-Tabs-panel woocommerce-Tabs-panel--description panel entry-content wc-tab\" role=\"tabpanel\" aria-labelledby=\"tab-title-description\">\n<h2>Descri\u00e7\u00e3o<\/h2>\n<table class=\"steelBlueCols\" width=\"409\">\n<tbody>\n<tr>\n<td>MARCA<\/td>\n<td>\u00a0Dobu\u00ea<\/td>\n<\/tr>\n<tr>\n<td>MODELO<\/td>\n<td>\u00a0Dubai<\/td>\n<\/tr>\n<tr>\n<td>COR<\/td>\n<td>\u00a0Castanho \/ Areia<\/td>\n<\/tr>\n<tr>\n<td>MATERIAL<\/td>\n<td>\u00a0MDP\/MDF produzido por madeiras provenientes de reflorestamento<\/td>\n<\/tr>\n<tr>\n<td>ACABAMENTO<\/td>\n<td>\u00a0Impress\u00e3o Ultravioleta\u00a0(UV)\u00a0\u2013 Textura BP<\/td>\n<\/tr>\n<tr>\n<td>TAMPO MESA<\/td>\n<td>\u00a0MDF,\u00a0fixo com verniz de alto brilho \u2013 25mm<\/td>\n<\/tr>\n<tr>\n<td>ACABAMENTO<\/td>\n<td>\u00a0Impress\u00e3o Ultravioleta (UV)<\/td>\n<\/tr>\n<tr>\n<td>P\u00c9S<\/td>\n<td>\u00a0N\u00e3o remov\u00edveis, feitos de MDF com Sapatas Pl\u00e1sticas<\/td>\n<\/tr>\n<tr>\n<td>TECIDO<\/td>\n<td>\u00a0Veloplus<\/td>\n<\/tr>\n<tr>\n<td>PESO MESA<\/td>\n<td>\u00a030\u00a0kg<\/td>\n<\/tr>\n<tr>\n<td>PESO CADEIRA<\/td>\n<td>\u00a09\u00a0kg<\/td>\n<\/tr>\n<tr>\n<td>ITENS DE MONTAGEM<\/td>\n<td>\u00a0Parafusos, cavilhas e cantoneiras<\/td>\n<\/tr>\n<tr>\n<td>ITENS INCLUSOS<\/td>\n<td>\u00a01 Mesa, 4\u00a0Cadeiras, acess\u00f3rios e manual para montagem<\/td>\n<\/tr>\n<\/tbody>\n<\/table>\n<p>&nbsp;<\/p>\n<p>&nbsp;<\/p>\n<hr \/>\n<p>&nbsp;<\/p>\n<p>A ESPLANADA M\u00d3VEIS se responsabilizar\u00e1 pela entrega dos produtos adquiridos at\u00e9 a porta de entrada ou portaria do endere\u00e7o indicado. Esclarecemos que n\u00e3o nos responsabilizamos por montagens, desmontagens e instala\u00e7\u00f5es, ficando assim sob responsabilidade do cliente. Confira as dimens\u00f5es do produto no momento da compra e certifique-se de que o item passar\u00e1 normalmente por elevadores, portas, escadas e\/ou corredores, evitando assim futuros desagrados ou imprevistos com a entrega.<\/p>\n<p>Foto ilustrativa. A tonalidade de cor pode variar entre pe\u00e7as diferentes. Al\u00e9m disso, a percep\u00e7\u00e3o das cores do produto pode ser um pouco diferente da mostrada na foto do an\u00fancio em fun\u00e7\u00e3o da luminosidade do ambiente, calibra\u00e7\u00e3o do monitor ou aparelho usado para visualiza\u00e7\u00e3o da foto.<\/p>\n<\/div>\n","protected":false},"excerpt":{"rendered":"<p>A ESPLANADA M\u00d3VEIS se responsabilizar\u00e1 pela entrega dos produtos adquiridos at\u00e9 a porta de entrada ou portaria do endere\u00e7o indicado. Esclarecemos que n\u00e3o nos responsabilizamos por montagens, desmontagens e instala\u00e7\u00f5es, ficando assim sob responsabilidade do cliente. Confira as dimens\u00f5es do produto no momento da compra e certifique-se de que o item passar\u00e1 normalmente por elevadores, portas, escadas e\/ou corredores, evitando assim futuros desagrados ou imprevistos com a entrega.<\/p>\n","protected":false},"featured_media":28,"comment_status":"open","ping_status":"closed","template":"","meta":[],"product_brand":[],"product_cat":[24,16,18],"product_tag":[],"class_list":{"0":"post-46","1":"product","2":"type-product","3":"status-publish","4":"has-post-thumbnail","6":"product_cat-mesa-de-jantar","7":"product_cat-moveis","8":"product_cat-sala-de-jantar","10":"first","11":"instock","12":"sale","13":"shipping-taxable","14":"purchasable","15":"product-type-simple"},"yoast_head":"<!-- This site is optimized with the Yoast SEO plugin v27.2 - https:\/\/yoast.com\/product\/yoast-seo-wordpress\/ -->\n<title>Conjunto Mesa de Jantar Off White Dubai 1,35m MDF com 4 Cadeiras Castanho \/ Areia - Mobiliar<\/title>\n<meta name=\"robots\" content=\"index, follow, max-snippet:-1, max-image-preview:large, max-video-preview:-1\" \/>\n<link rel=\"canonical\" href=\"https:\/\/louismenezes.com.br\/portfolio\/mobiliar\/produto\/conjunto-mesa-de-jantar-off-white-dubai-135m-mdf-com-4-cadeiras-castanho-areia\/\" \/>\n<meta property=\"og:locale\" content=\"pt_BR\" \/>\n<meta property=\"og:type\" content=\"article\" \/>\n<meta property=\"og:title\" content=\"Conjunto Mesa de Jantar Off White Dubai 1,35m MDF com 4 Cadeiras Castanho \/ Areia - Mobiliar\" \/>\n<meta property=\"og:description\" content=\"A ESPLANADA M\u00d3VEIS se responsabilizar\u00e1 pela entrega dos produtos adquiridos at\u00e9 a porta de entrada ou portaria do endere\u00e7o indicado. Esclarecemos que n\u00e3o nos responsabilizamos por montagens, desmontagens e instala\u00e7\u00f5es, ficando assim sob responsabilidade do cliente. Confira as dimens\u00f5es do produto no momento da compra e certifique-se de que o item passar\u00e1 normalmente por elevadores, portas, escadas e\/ou corredores, evitando assim futuros desagrados ou imprevistos com a entrega.\" \/>\n<meta property=\"og:url\" content=\"https:\/\/louismenezes.com.br\/portfolio\/mobiliar\/produto\/conjunto-mesa-de-jantar-off-white-dubai-135m-mdf-com-4-cadeiras-castanho-areia\/\" \/>\n<meta property=\"og:site_name\" content=\"Mobiliar\" \/>\n<meta property=\"article:modified_time\" content=\"2021-12-23T12:01:46+00:00\" \/>\n<meta property=\"og:image\" content=\"https:\/\/louismenezes.com.br\/portfolio\/mobiliar\/wp-content\/uploads\/2021\/12\/dubai-1_35-areia-off-1.jpg\" \/>\n\t<meta property=\"og:image:width\" content=\"600\" \/>\n\t<meta property=\"og:image:height\" content=\"600\" \/>\n\t<meta property=\"og:image:type\" content=\"image\/jpeg\" \/>\n<meta name=\"twitter:card\" content=\"summary_large_image\" \/>\n<meta name=\"twitter:label1\" content=\"Est. tempo de leitura\" \/>\n\t<meta name=\"twitter:data1\" content=\"1 minuto\" \/>\n<script type=\"application\/ld+json\" class=\"yoast-schema-graph\">{\"@context\":\"https:\/\/schema.org\",\"@graph\":[{\"@type\":\"WebPage\",\"@id\":\"https:\/\/louismenezes.com.br\/portfolio\/mobiliar\/produto\/conjunto-mesa-de-jantar-off-white-dubai-135m-mdf-com-4-cadeiras-castanho-areia\/\",\"url\":\"https:\/\/louismenezes.com.br\/portfolio\/mobiliar\/produto\/conjunto-mesa-de-jantar-off-white-dubai-135m-mdf-com-4-cadeiras-castanho-areia\/\",\"name\":\"Conjunto Mesa de Jantar Off White Dubai 1,35m MDF com 4 Cadeiras Castanho \/ Areia - Mobiliar\",\"isPartOf\":{\"@id\":\"https:\/\/louismenezes.com.br\/portfolio\/mobiliar\/#website\"},\"primaryImageOfPage\":{\"@id\":\"https:\/\/louismenezes.com.br\/portfolio\/mobiliar\/produto\/conjunto-mesa-de-jantar-off-white-dubai-135m-mdf-com-4-cadeiras-castanho-areia\/#primaryimage\"},\"image\":{\"@id\":\"https:\/\/louismenezes.com.br\/portfolio\/mobiliar\/produto\/conjunto-mesa-de-jantar-off-white-dubai-135m-mdf-com-4-cadeiras-castanho-areia\/#primaryimage\"},\"thumbnailUrl\":\"https:\/\/louismenezes.com.br\/portfolio\/mobiliar\/wp-content\/uploads\/2021\/12\/dubai-1_35-areia-off-1.jpg\",\"datePublished\":\"2021-12-22T12:56:15+00:00\",\"dateModified\":\"2021-12-23T12:01:46+00:00\",\"breadcrumb\":{\"@id\":\"https:\/\/louismenezes.com.br\/portfolio\/mobiliar\/produto\/conjunto-mesa-de-jantar-off-white-dubai-135m-mdf-com-4-cadeiras-castanho-areia\/#breadcrumb\"},\"inLanguage\":\"pt-BR\",\"potentialAction\":[{\"@type\":\"ReadAction\",\"target\":[\"https:\/\/louismenezes.com.br\/portfolio\/mobiliar\/produto\/conjunto-mesa-de-jantar-off-white-dubai-135m-mdf-com-4-cadeiras-castanho-areia\/\"]}]},{\"@type\":\"ImageObject\",\"inLanguage\":\"pt-BR\",\"@id\":\"https:\/\/louismenezes.com.br\/portfolio\/mobiliar\/produto\/conjunto-mesa-de-jantar-off-white-dubai-135m-mdf-com-4-cadeiras-castanho-areia\/#primaryimage\",\"url\":\"https:\/\/louismenezes.com.br\/portfolio\/mobiliar\/wp-content\/uploads\/2021\/12\/dubai-1_35-areia-off-1.jpg\",\"contentUrl\":\"https:\/\/louismenezes.com.br\/portfolio\/mobiliar\/wp-content\/uploads\/2021\/12\/dubai-1_35-areia-off-1.jpg\",\"width\":600,\"height\":600},{\"@type\":\"BreadcrumbList\",\"@id\":\"https:\/\/louismenezes.com.br\/portfolio\/mobiliar\/produto\/conjunto-mesa-de-jantar-off-white-dubai-135m-mdf-com-4-cadeiras-castanho-areia\/#breadcrumb\",\"itemListElement\":[{\"@type\":\"ListItem\",\"position\":1,\"name\":\"In\u00edcio\",\"item\":\"https:\/\/louismenezes.com.br\/portfolio\/mobiliar\/\"},{\"@type\":\"ListItem\",\"position\":2,\"name\":\"Loja\",\"item\":\"https:\/\/louismenezes.com.br\/portfolio\/mobiliar\/loja\/\"},{\"@type\":\"ListItem\",\"position\":3,\"name\":\"Conjunto Mesa de Jantar Off White Dubai 1,35m MDF com 4 Cadeiras Castanho \/ Areia\"}]},{\"@type\":\"WebSite\",\"@id\":\"https:\/\/louismenezes.com.br\/portfolio\/mobiliar\/#website\",\"url\":\"https:\/\/louismenezes.com.br\/portfolio\/mobiliar\/\",\"name\":\"Mobiliar\",\"description\":\"Sua casa do seu jeito!\",\"publisher\":{\"@id\":\"https:\/\/louismenezes.com.br\/portfolio\/mobiliar\/#organization\"},\"potentialAction\":[{\"@type\":\"SearchAction\",\"target\":{\"@type\":\"EntryPoint\",\"urlTemplate\":\"https:\/\/louismenezes.com.br\/portfolio\/mobiliar\/?s={search_term_string}\"},\"query-input\":{\"@type\":\"PropertyValueSpecification\",\"valueRequired\":true,\"valueName\":\"search_term_string\"}}],\"inLanguage\":\"pt-BR\"},{\"@type\":\"Organization\",\"@id\":\"https:\/\/louismenezes.com.br\/portfolio\/mobiliar\/#organization\",\"name\":\"Mobiliar\",\"url\":\"https:\/\/louismenezes.com.br\/portfolio\/mobiliar\/\",\"logo\":{\"@type\":\"ImageObject\",\"inLanguage\":\"pt-BR\",\"@id\":\"https:\/\/louismenezes.com.br\/portfolio\/mobiliar\/#\/schema\/logo\/image\/\",\"url\":\"https:\/\/louismenezes.com.br\/portfolio\/mobiliar\/wp-content\/uploads\/2021\/12\/logo-mobiliar-1.png\",\"contentUrl\":\"https:\/\/louismenezes.com.br\/portfolio\/mobiliar\/wp-content\/uploads\/2021\/12\/logo-mobiliar-1.png\",\"width\":717,\"height\":133,\"caption\":\"Mobiliar\"},\"image\":{\"@id\":\"https:\/\/louismenezes.com.br\/portfolio\/mobiliar\/#\/schema\/logo\/image\/\"}}]}<\/script>\n<!-- \/ Yoast SEO plugin. -->","yoast_head_json":{"title":"Conjunto Mesa de Jantar Off White Dubai 1,35m MDF com 4 Cadeiras Castanho \/ Areia - Mobiliar","robots":{"index":"index","follow":"follow","max-snippet":"max-snippet:-1","max-image-preview":"max-image-preview:large","max-video-preview":"max-video-preview:-1"},"canonical":"https:\/\/louismenezes.com.br\/portfolio\/mobiliar\/produto\/conjunto-mesa-de-jantar-off-white-dubai-135m-mdf-com-4-cadeiras-castanho-areia\/","og_locale":"pt_BR","og_type":"article","og_title":"Conjunto Mesa de Jantar Off White Dubai 1,35m MDF com 4 Cadeiras Castanho \/ Areia - Mobiliar","og_description":"A ESPLANADA M\u00d3VEIS se responsabilizar\u00e1 pela entrega dos produtos adquiridos at\u00e9 a porta de entrada ou portaria do endere\u00e7o indicado. Esclarecemos que n\u00e3o nos responsabilizamos por montagens, desmontagens e instala\u00e7\u00f5es, ficando assim sob responsabilidade do cliente. Confira as dimens\u00f5es do produto no momento da compra e certifique-se de que o item passar\u00e1 normalmente por elevadores, portas, escadas e\/ou corredores, evitando assim futuros desagrados ou imprevistos com a entrega.","og_url":"https:\/\/louismenezes.com.br\/portfolio\/mobiliar\/produto\/conjunto-mesa-de-jantar-off-white-dubai-135m-mdf-com-4-cadeiras-castanho-areia\/","og_site_name":"Mobiliar","article_modified_time":"2021-12-23T12:01:46+00:00","og_image":[{"width":600,"height":600,"url":"https:\/\/louismenezes.com.br\/portfolio\/mobiliar\/wp-content\/uploads\/2021\/12\/dubai-1_35-areia-off-1.jpg","type":"image\/jpeg"}],"twitter_card":"summary_large_image","twitter_misc":{"Est. tempo de leitura":"1 minuto"},"schema":{"@context":"https:\/\/schema.org","@graph":[{"@type":"WebPage","@id":"https:\/\/louismenezes.com.br\/portfolio\/mobiliar\/produto\/conjunto-mesa-de-jantar-off-white-dubai-135m-mdf-com-4-cadeiras-castanho-areia\/","url":"https:\/\/louismenezes.com.br\/portfolio\/mobiliar\/produto\/conjunto-mesa-de-jantar-off-white-dubai-135m-mdf-com-4-cadeiras-castanho-areia\/","name":"Conjunto Mesa de Jantar Off White Dubai 1,35m MDF com 4 Cadeiras Castanho \/ Areia - Mobiliar","isPartOf":{"@id":"https:\/\/louismenezes.com.br\/portfolio\/mobiliar\/#website"},"primaryImageOfPage":{"@id":"https:\/\/louismenezes.com.br\/portfolio\/mobiliar\/produto\/conjunto-mesa-de-jantar-off-white-dubai-135m-mdf-com-4-cadeiras-castanho-areia\/#primaryimage"},"image":{"@id":"https:\/\/louismenezes.com.br\/portfolio\/mobiliar\/produto\/conjunto-mesa-de-jantar-off-white-dubai-135m-mdf-com-4-cadeiras-castanho-areia\/#primaryimage"},"thumbnailUrl":"https:\/\/louismenezes.com.br\/portfolio\/mobiliar\/wp-content\/uploads\/2021\/12\/dubai-1_35-areia-off-1.jpg","datePublished":"2021-12-22T12:56:15+00:00","dateModified":"2021-12-23T12:01:46+00:00","breadcrumb":{"@id":"https:\/\/louismenezes.com.br\/portfolio\/mobiliar\/produto\/conjunto-mesa-de-jantar-off-white-dubai-135m-mdf-com-4-cadeiras-castanho-areia\/#breadcrumb"},"inLanguage":"pt-BR","potentialAction":[{"@type":"ReadAction","target":["https:\/\/louismenezes.com.br\/portfolio\/mobiliar\/produto\/conjunto-mesa-de-jantar-off-white-dubai-135m-mdf-com-4-cadeiras-castanho-areia\/"]}]},{"@type":"ImageObject","inLanguage":"pt-BR","@id":"https:\/\/louismenezes.com.br\/portfolio\/mobiliar\/produto\/conjunto-mesa-de-jantar-off-white-dubai-135m-mdf-com-4-cadeiras-castanho-areia\/#primaryimage","url":"https:\/\/louismenezes.com.br\/portfolio\/mobiliar\/wp-content\/uploads\/2021\/12\/dubai-1_35-areia-off-1.jpg","contentUrl":"https:\/\/louismenezes.com.br\/portfolio\/mobiliar\/wp-content\/uploads\/2021\/12\/dubai-1_35-areia-off-1.jpg","width":600,"height":600},{"@type":"BreadcrumbList","@id":"https:\/\/louismenezes.com.br\/portfolio\/mobiliar\/produto\/conjunto-mesa-de-jantar-off-white-dubai-135m-mdf-com-4-cadeiras-castanho-areia\/#breadcrumb","itemListElement":[{"@type":"ListItem","position":1,"name":"In\u00edcio","item":"https:\/\/louismenezes.com.br\/portfolio\/mobiliar\/"},{"@type":"ListItem","position":2,"name":"Loja","item":"https:\/\/louismenezes.com.br\/portfolio\/mobiliar\/loja\/"},{"@type":"ListItem","position":3,"name":"Conjunto Mesa de Jantar Off White Dubai 1,35m MDF com 4 Cadeiras Castanho \/ Areia"}]},{"@type":"WebSite","@id":"https:\/\/louismenezes.com.br\/portfolio\/mobiliar\/#website","url":"https:\/\/louismenezes.com.br\/portfolio\/mobiliar\/","name":"Mobiliar","description":"Sua casa do seu jeito!","publisher":{"@id":"https:\/\/louismenezes.com.br\/portfolio\/mobiliar\/#organization"},"potentialAction":[{"@type":"SearchAction","target":{"@type":"EntryPoint","urlTemplate":"https:\/\/louismenezes.com.br\/portfolio\/mobiliar\/?s={search_term_string}"},"query-input":{"@type":"PropertyValueSpecification","valueRequired":true,"valueName":"search_term_string"}}],"inLanguage":"pt-BR"},{"@type":"Organization","@id":"https:\/\/louismenezes.com.br\/portfolio\/mobiliar\/#organization","name":"Mobiliar","url":"https:\/\/louismenezes.com.br\/portfolio\/mobiliar\/","logo":{"@type":"ImageObject","inLanguage":"pt-BR","@id":"https:\/\/louismenezes.com.br\/portfolio\/mobiliar\/#\/schema\/logo\/image\/","url":"https:\/\/louismenezes.com.br\/portfolio\/mobiliar\/wp-content\/uploads\/2021\/12\/logo-mobiliar-1.png","contentUrl":"https:\/\/louismenezes.com.br\/portfolio\/mobiliar\/wp-content\/uploads\/2021\/12\/logo-mobiliar-1.png","width":717,"height":133,"caption":"Mobiliar"},"image":{"@id":"https:\/\/louismenezes.com.br\/portfolio\/mobiliar\/#\/schema\/logo\/image\/"}}]}},"_links":{"self":[{"href":"https:\/\/louismenezes.com.br\/portfolio\/mobiliar\/wp-json\/wp\/v2\/product\/46","targetHints":{"allow":["GET"]}}],"collection":[{"href":"https:\/\/louismenezes.com.br\/portfolio\/mobiliar\/wp-json\/wp\/v2\/product"}],"about":[{"href":"https:\/\/louismenezes.com.br\/portfolio\/mobiliar\/wp-json\/wp\/v2\/types\/product"}],"replies":[{"embeddable":true,"href":"https:\/\/louismenezes.com.br\/portfolio\/mobiliar\/wp-json\/wp\/v2\/comments?post=46"}],"wp:featuredmedia":[{"embeddable":true,"href":"https:\/\/louismenezes.com.br\/portfolio\/mobiliar\/wp-json\/wp\/v2\/media\/28"}],"wp:attachment":[{"href":"https:\/\/louismenezes.com.br\/portfolio\/mobiliar\/wp-json\/wp\/v2\/media?parent=46"}],"wp:term":[{"taxonomy":"product_brand","embeddable":true,"href":"https:\/\/louismenezes.com.br\/portfolio\/mobiliar\/wp-json\/wp\/v2\/product_brand?post=46"},{"taxonomy":"product_cat","embeddable":true,"href":"https:\/\/louismenezes.com.br\/portfolio\/mobiliar\/wp-json\/wp\/v2\/product_cat?post=46"},{"taxonomy":"product_tag","embeddable":true,"href":"https:\/\/louismenezes.com.br\/portfolio\/mobiliar\/wp-json\/wp\/v2\/product_tag?post=46"}],"curies":[{"name":"wp","href":"https:\/\/api.w.org\/{rel}","templated":true}]}}