{"id":45,"date":"2021-12-22T09:49:09","date_gmt":"2021-12-22T12:49:09","guid":{"rendered":"https:\/\/louismenezes.com.br\/portfolio\/mobiliar\/?post_type=product&#038;p=45"},"modified":"2021-12-23T09:01:28","modified_gmt":"2021-12-23T12:01:28","slug":"cama-box-king-colchao-molas-pocket-ensacadas-tower-193x203x72cm-branco","status":"publish","type":"product","link":"https:\/\/louismenezes.com.br\/portfolio\/mobiliar\/produto\/cama-box-king-colchao-molas-pocket-ensacadas-tower-193x203x72cm-branco\/","title":{"rendered":"Cama Box King Colch\u00e3o Molas Pocket Ensacadas Tower 193x203x72cm Branco"},"content":{"rendered":"<div id=\"tab-description\" class=\"woocommerce-Tabs-panel woocommerce-Tabs-panel--description panel entry-content wc-tab\" role=\"tabpanel\" aria-labelledby=\"tab-title-description\">\n<div class=\"text-muted text-justify\">\n<div id=\"tab-description\" class=\"woocommerce-Tabs-panel woocommerce-Tabs-panel--description panel entry-content wc-tab\" role=\"tabpanel\" aria-labelledby=\"tab-title-description\">\n<h2>Descri\u00e7\u00e3o<\/h2>\n<h2 class=\"description__product-title\">Cama Box King Colch\u00e3o Molas Pocket Ensacadas Tower 193x203x72cm Branco \/ Marrom \u2013 Gazin<\/h2>\n<p>J\u00e1 imaginou qual seria a sensa\u00e7\u00e3o de deitar nas nuvens? Com o colch\u00e3o Tower, voc\u00ea se sente no c\u00e9u todas as noites. Seu diferencial est\u00e1 no Pillow Top, estrutura muito usada na ind\u00fastria americana que conta com uma super camada de espuma superior, proporcionando a sensa\u00e7\u00e3o de se deitar sobre um grande travesseiro. Associado a este conforto extra, a dupla camada de espumas D33 e D26 somada \u00e0s molas ensacadas garantem mais resist\u00eancia e a distribui\u00e7\u00e3o uniforme do peso sobre o colch\u00e3o. Colch\u00e3o Tower, voc\u00ea dormindo nas alturas.<\/p>\n<p>Modelo: Tower<\/p>\n<p>Marca: Gazin \/ Box da marca Prinde, foto ilustrativa<\/p>\n<p>Suporta at\u00e9: 120kg de cada lado.<\/p>\n<p>Revestimento superior: Malha Cashmere.<\/p>\n<p>Revestimento lateral: Sint\u00e9tico<\/p>\n<p>Revestimento inferior: Tecido antiderrapante<\/p>\n<p>Pillow Top<\/p>\n<p>Diferenciais: Molas Ensacadas, n\u00e3o possuem atrito entre s\u00ed, oferecendo aus\u00eancia completa de ru\u00eddos. Al\u00e9m disso, agem em conjunto com a espuma e garantem maior firmez e conforto ao colch\u00e3o. Como s\u00e3o independentes, a press\u00e3o \u00e9 localizada, ou seja, cada mola se comprime individualmente de acordo com a press\u00e3o exercida pelo corpo. Essa caracter\u00edstica torna o molejo excelente, principalmente para colch\u00f5es de casal pois o movimento de uma pessoa n\u00e3o interfere no conforto da outra. Espuma Hiper Soft, s\u00e3o caracterizadas por um toque inicial muito macio e baixa resist\u00eancia a compress\u00e3o. S\u00e3o usadas em aplica\u00e7\u00f5es de alto conforto. Malha Cashmere, possui excelentes propriedades que ajudam a regular a umidade e temperatura, sendo ele um \u00f3timo isolante t\u00e9rmico contra o frio. Tecido Anti Derrapante, com detalhes emborrachados, evita que o colch\u00e3o deslize sobre a base, trazendo maior seguran\u00e7a e conforto para o sono.<\/p>\n<p>Molejo: Molas ensacadas.<\/p>\n<p>Garantia de f\u00e1brica: 1 ano.<\/p>\n<p>N\u00edvel de conforto \/ maciez: M\u00e9dio.<\/p>\n<p>P\u00e9s: Madeira.<\/p>\n<p>Garantia de f\u00e1brica da Base: 6 meses.<\/p>\n<p>Medidas do Conjunto:<br \/>\n\u2013 Altura: 72cm<br \/>\n\u2013 Largura: 193cm<br \/>\n\u2013 Profundidade: 203cm<\/p>\n<p>Medidas do Colch\u00e3o:<br \/>\n\u2013 Altura: 34cm<br \/>\n\u2013 Largura: 193cm<br \/>\n\u2013 Profundidade: 203cm<br \/>\n\u2013 Mola Certificada pelo INMETRO<\/p>\n<p>OBS: Foto do box Ilustrativa<\/p>\n<p>Aviso:<br \/>\nMontagem n\u00e3o inclusa. Entregamos at\u00e9 a porta de entrada da casa do cliente ou at\u00e9 a portaria do condom\u00ednio.<\/p>\n<p>Foto ilustrativa. A tonalidade de cor pode variar entre pe\u00e7as diferentes. Al\u00e9m disso, a percep\u00e7\u00e3o das cores do produto pode ser um pouco diferente da mostrada na foto do an\u00fancio em fun\u00e7\u00e3o da luminosidade do ambiente, calibra\u00e7\u00e3o do monitor ou aparelho usado para visualiza\u00e7\u00e3o da foto.<\/p>\n<\/div>\n<p>.<\/p>\n<\/div>\n<\/div>\n","protected":false},"excerpt":{"rendered":"<p>J\u00e1 imaginou qual seria a sensa\u00e7\u00e3o de deitar nas nuvens? Com o colch\u00e3o Tower, voc\u00ea se sente no c\u00e9u todas as noites. Seu diferencial est\u00e1 no Pillow Top, estrutura muito usada na ind\u00fastria americana que conta com uma super camada de espuma superior, proporcionando a sensa\u00e7\u00e3o de se deitar sobre um grande travesseiro. Associado a este conforto extra, a dupla camada de espumas D33 e D26 somada \u00e0s molas ensacadas garantem mais resist\u00eancia e a distribui\u00e7\u00e3o uniforme do peso sobre o colch\u00e3o. Colch\u00e3o Tower, voc\u00ea dormindo nas alturas.<\/p>\n","protected":false},"featured_media":15,"comment_status":"open","ping_status":"closed","template":"","meta":[],"product_brand":[],"product_cat":[27,16,20],"product_tag":[],"class_list":{"0":"post-45","1":"product","2":"type-product","3":"status-publish","4":"has-post-thumbnail","6":"product_cat-cama","7":"product_cat-moveis","8":"product_cat-quarto","10":"first","11":"instock","12":"sale","13":"shipping-taxable","14":"purchasable","15":"product-type-simple"},"yoast_head":"<!-- This site is optimized with the Yoast SEO plugin v27.2 - https:\/\/yoast.com\/product\/yoast-seo-wordpress\/ -->\n<title>Cama Box King Colch\u00e3o Molas Pocket Ensacadas Tower 193x203x72cm Branco - Mobiliar<\/title>\n<meta name=\"robots\" content=\"index, follow, max-snippet:-1, max-image-preview:large, max-video-preview:-1\" \/>\n<link rel=\"canonical\" href=\"https:\/\/louismenezes.com.br\/portfolio\/mobiliar\/produto\/cama-box-king-colchao-molas-pocket-ensacadas-tower-193x203x72cm-branco\/\" \/>\n<meta property=\"og:locale\" content=\"pt_BR\" \/>\n<meta property=\"og:type\" content=\"article\" \/>\n<meta property=\"og:title\" content=\"Cama Box King Colch\u00e3o Molas Pocket Ensacadas Tower 193x203x72cm Branco - Mobiliar\" \/>\n<meta property=\"og:description\" content=\"J\u00e1 imaginou qual seria a sensa\u00e7\u00e3o de deitar nas nuvens? Com o colch\u00e3o Tower, voc\u00ea se sente no c\u00e9u todas as noites. Seu diferencial est\u00e1 no Pillow Top, estrutura muito usada na ind\u00fastria americana que conta com uma super camada de espuma superior, proporcionando a sensa\u00e7\u00e3o de se deitar sobre um grande travesseiro. Associado a este conforto extra, a dupla camada de espumas D33 e D26 somada \u00e0s molas ensacadas garantem mais resist\u00eancia e a distribui\u00e7\u00e3o uniforme do peso sobre o colch\u00e3o. Colch\u00e3o Tower, voc\u00ea dormindo nas alturas.\" \/>\n<meta property=\"og:url\" content=\"https:\/\/louismenezes.com.br\/portfolio\/mobiliar\/produto\/cama-box-king-colchao-molas-pocket-ensacadas-tower-193x203x72cm-branco\/\" \/>\n<meta property=\"og:site_name\" content=\"Mobiliar\" \/>\n<meta property=\"article:modified_time\" content=\"2021-12-23T12:01:28+00:00\" \/>\n<meta property=\"og:image\" content=\"https:\/\/louismenezes.com.br\/portfolio\/mobiliar\/wp-content\/uploads\/2021\/12\/4aa0a9a2290f5a8c440f1984029c7d1a-1.jpg\" \/>\n\t<meta property=\"og:image:width\" content=\"463\" \/>\n\t<meta property=\"og:image:height\" content=\"463\" \/>\n\t<meta property=\"og:image:type\" content=\"image\/jpeg\" \/>\n<meta name=\"twitter:card\" content=\"summary_large_image\" \/>\n<meta name=\"twitter:label1\" content=\"Est. tempo de leitura\" \/>\n\t<meta name=\"twitter:data1\" content=\"2 minutos\" \/>\n<script type=\"application\/ld+json\" class=\"yoast-schema-graph\">{\"@context\":\"https:\/\/schema.org\",\"@graph\":[{\"@type\":\"WebPage\",\"@id\":\"https:\/\/louismenezes.com.br\/portfolio\/mobiliar\/produto\/cama-box-king-colchao-molas-pocket-ensacadas-tower-193x203x72cm-branco\/\",\"url\":\"https:\/\/louismenezes.com.br\/portfolio\/mobiliar\/produto\/cama-box-king-colchao-molas-pocket-ensacadas-tower-193x203x72cm-branco\/\",\"name\":\"Cama Box King Colch\u00e3o Molas Pocket Ensacadas Tower 193x203x72cm Branco - Mobiliar\",\"isPartOf\":{\"@id\":\"https:\/\/louismenezes.com.br\/portfolio\/mobiliar\/#website\"},\"primaryImageOfPage\":{\"@id\":\"https:\/\/louismenezes.com.br\/portfolio\/mobiliar\/produto\/cama-box-king-colchao-molas-pocket-ensacadas-tower-193x203x72cm-branco\/#primaryimage\"},\"image\":{\"@id\":\"https:\/\/louismenezes.com.br\/portfolio\/mobiliar\/produto\/cama-box-king-colchao-molas-pocket-ensacadas-tower-193x203x72cm-branco\/#primaryimage\"},\"thumbnailUrl\":\"https:\/\/louismenezes.com.br\/portfolio\/mobiliar\/wp-content\/uploads\/2021\/12\/4aa0a9a2290f5a8c440f1984029c7d1a-1.jpg\",\"datePublished\":\"2021-12-22T12:49:09+00:00\",\"dateModified\":\"2021-12-23T12:01:28+00:00\",\"breadcrumb\":{\"@id\":\"https:\/\/louismenezes.com.br\/portfolio\/mobiliar\/produto\/cama-box-king-colchao-molas-pocket-ensacadas-tower-193x203x72cm-branco\/#breadcrumb\"},\"inLanguage\":\"pt-BR\",\"potentialAction\":[{\"@type\":\"ReadAction\",\"target\":[\"https:\/\/louismenezes.com.br\/portfolio\/mobiliar\/produto\/cama-box-king-colchao-molas-pocket-ensacadas-tower-193x203x72cm-branco\/\"]}]},{\"@type\":\"ImageObject\",\"inLanguage\":\"pt-BR\",\"@id\":\"https:\/\/louismenezes.com.br\/portfolio\/mobiliar\/produto\/cama-box-king-colchao-molas-pocket-ensacadas-tower-193x203x72cm-branco\/#primaryimage\",\"url\":\"https:\/\/louismenezes.com.br\/portfolio\/mobiliar\/wp-content\/uploads\/2021\/12\/4aa0a9a2290f5a8c440f1984029c7d1a-1.jpg\",\"contentUrl\":\"https:\/\/louismenezes.com.br\/portfolio\/mobiliar\/wp-content\/uploads\/2021\/12\/4aa0a9a2290f5a8c440f1984029c7d1a-1.jpg\",\"width\":463,\"height\":463},{\"@type\":\"BreadcrumbList\",\"@id\":\"https:\/\/louismenezes.com.br\/portfolio\/mobiliar\/produto\/cama-box-king-colchao-molas-pocket-ensacadas-tower-193x203x72cm-branco\/#breadcrumb\",\"itemListElement\":[{\"@type\":\"ListItem\",\"position\":1,\"name\":\"In\u00edcio\",\"item\":\"https:\/\/louismenezes.com.br\/portfolio\/mobiliar\/\"},{\"@type\":\"ListItem\",\"position\":2,\"name\":\"Loja\",\"item\":\"https:\/\/louismenezes.com.br\/portfolio\/mobiliar\/loja\/\"},{\"@type\":\"ListItem\",\"position\":3,\"name\":\"Cama Box King Colch\u00e3o Molas Pocket Ensacadas Tower 193x203x72cm Branco\"}]},{\"@type\":\"WebSite\",\"@id\":\"https:\/\/louismenezes.com.br\/portfolio\/mobiliar\/#website\",\"url\":\"https:\/\/louismenezes.com.br\/portfolio\/mobiliar\/\",\"name\":\"Mobiliar\",\"description\":\"Sua casa do seu jeito!\",\"publisher\":{\"@id\":\"https:\/\/louismenezes.com.br\/portfolio\/mobiliar\/#organization\"},\"potentialAction\":[{\"@type\":\"SearchAction\",\"target\":{\"@type\":\"EntryPoint\",\"urlTemplate\":\"https:\/\/louismenezes.com.br\/portfolio\/mobiliar\/?s={search_term_string}\"},\"query-input\":{\"@type\":\"PropertyValueSpecification\",\"valueRequired\":true,\"valueName\":\"search_term_string\"}}],\"inLanguage\":\"pt-BR\"},{\"@type\":\"Organization\",\"@id\":\"https:\/\/louismenezes.com.br\/portfolio\/mobiliar\/#organization\",\"name\":\"Mobiliar\",\"url\":\"https:\/\/louismenezes.com.br\/portfolio\/mobiliar\/\",\"logo\":{\"@type\":\"ImageObject\",\"inLanguage\":\"pt-BR\",\"@id\":\"https:\/\/louismenezes.com.br\/portfolio\/mobiliar\/#\/schema\/logo\/image\/\",\"url\":\"https:\/\/louismenezes.com.br\/portfolio\/mobiliar\/wp-content\/uploads\/2021\/12\/logo-mobiliar-1.png\",\"contentUrl\":\"https:\/\/louismenezes.com.br\/portfolio\/mobiliar\/wp-content\/uploads\/2021\/12\/logo-mobiliar-1.png\",\"width\":717,\"height\":133,\"caption\":\"Mobiliar\"},\"image\":{\"@id\":\"https:\/\/louismenezes.com.br\/portfolio\/mobiliar\/#\/schema\/logo\/image\/\"}}]}<\/script>\n<!-- \/ Yoast SEO plugin. -->","yoast_head_json":{"title":"Cama Box King Colch\u00e3o Molas Pocket Ensacadas Tower 193x203x72cm Branco - Mobiliar","robots":{"index":"index","follow":"follow","max-snippet":"max-snippet:-1","max-image-preview":"max-image-preview:large","max-video-preview":"max-video-preview:-1"},"canonical":"https:\/\/louismenezes.com.br\/portfolio\/mobiliar\/produto\/cama-box-king-colchao-molas-pocket-ensacadas-tower-193x203x72cm-branco\/","og_locale":"pt_BR","og_type":"article","og_title":"Cama Box King Colch\u00e3o Molas Pocket Ensacadas Tower 193x203x72cm Branco - Mobiliar","og_description":"J\u00e1 imaginou qual seria a sensa\u00e7\u00e3o de deitar nas nuvens? Com o colch\u00e3o Tower, voc\u00ea se sente no c\u00e9u todas as noites. Seu diferencial est\u00e1 no Pillow Top, estrutura muito usada na ind\u00fastria americana que conta com uma super camada de espuma superior, proporcionando a sensa\u00e7\u00e3o de se deitar sobre um grande travesseiro. Associado a este conforto extra, a dupla camada de espumas D33 e D26 somada \u00e0s molas ensacadas garantem mais resist\u00eancia e a distribui\u00e7\u00e3o uniforme do peso sobre o colch\u00e3o. Colch\u00e3o Tower, voc\u00ea dormindo nas alturas.","og_url":"https:\/\/louismenezes.com.br\/portfolio\/mobiliar\/produto\/cama-box-king-colchao-molas-pocket-ensacadas-tower-193x203x72cm-branco\/","og_site_name":"Mobiliar","article_modified_time":"2021-12-23T12:01:28+00:00","og_image":[{"width":463,"height":463,"url":"https:\/\/louismenezes.com.br\/portfolio\/mobiliar\/wp-content\/uploads\/2021\/12\/4aa0a9a2290f5a8c440f1984029c7d1a-1.jpg","type":"image\/jpeg"}],"twitter_card":"summary_large_image","twitter_misc":{"Est. tempo de leitura":"2 minutos"},"schema":{"@context":"https:\/\/schema.org","@graph":[{"@type":"WebPage","@id":"https:\/\/louismenezes.com.br\/portfolio\/mobiliar\/produto\/cama-box-king-colchao-molas-pocket-ensacadas-tower-193x203x72cm-branco\/","url":"https:\/\/louismenezes.com.br\/portfolio\/mobiliar\/produto\/cama-box-king-colchao-molas-pocket-ensacadas-tower-193x203x72cm-branco\/","name":"Cama Box King Colch\u00e3o Molas Pocket Ensacadas Tower 193x203x72cm Branco - Mobiliar","isPartOf":{"@id":"https:\/\/louismenezes.com.br\/portfolio\/mobiliar\/#website"},"primaryImageOfPage":{"@id":"https:\/\/louismenezes.com.br\/portfolio\/mobiliar\/produto\/cama-box-king-colchao-molas-pocket-ensacadas-tower-193x203x72cm-branco\/#primaryimage"},"image":{"@id":"https:\/\/louismenezes.com.br\/portfolio\/mobiliar\/produto\/cama-box-king-colchao-molas-pocket-ensacadas-tower-193x203x72cm-branco\/#primaryimage"},"thumbnailUrl":"https:\/\/louismenezes.com.br\/portfolio\/mobiliar\/wp-content\/uploads\/2021\/12\/4aa0a9a2290f5a8c440f1984029c7d1a-1.jpg","datePublished":"2021-12-22T12:49:09+00:00","dateModified":"2021-12-23T12:01:28+00:00","breadcrumb":{"@id":"https:\/\/louismenezes.com.br\/portfolio\/mobiliar\/produto\/cama-box-king-colchao-molas-pocket-ensacadas-tower-193x203x72cm-branco\/#breadcrumb"},"inLanguage":"pt-BR","potentialAction":[{"@type":"ReadAction","target":["https:\/\/louismenezes.com.br\/portfolio\/mobiliar\/produto\/cama-box-king-colchao-molas-pocket-ensacadas-tower-193x203x72cm-branco\/"]}]},{"@type":"ImageObject","inLanguage":"pt-BR","@id":"https:\/\/louismenezes.com.br\/portfolio\/mobiliar\/produto\/cama-box-king-colchao-molas-pocket-ensacadas-tower-193x203x72cm-branco\/#primaryimage","url":"https:\/\/louismenezes.com.br\/portfolio\/mobiliar\/wp-content\/uploads\/2021\/12\/4aa0a9a2290f5a8c440f1984029c7d1a-1.jpg","contentUrl":"https:\/\/louismenezes.com.br\/portfolio\/mobiliar\/wp-content\/uploads\/2021\/12\/4aa0a9a2290f5a8c440f1984029c7d1a-1.jpg","width":463,"height":463},{"@type":"BreadcrumbList","@id":"https:\/\/louismenezes.com.br\/portfolio\/mobiliar\/produto\/cama-box-king-colchao-molas-pocket-ensacadas-tower-193x203x72cm-branco\/#breadcrumb","itemListElement":[{"@type":"ListItem","position":1,"name":"In\u00edcio","item":"https:\/\/louismenezes.com.br\/portfolio\/mobiliar\/"},{"@type":"ListItem","position":2,"name":"Loja","item":"https:\/\/louismenezes.com.br\/portfolio\/mobiliar\/loja\/"},{"@type":"ListItem","position":3,"name":"Cama Box King Colch\u00e3o Molas Pocket Ensacadas Tower 193x203x72cm Branco"}]},{"@type":"WebSite","@id":"https:\/\/louismenezes.com.br\/portfolio\/mobiliar\/#website","url":"https:\/\/louismenezes.com.br\/portfolio\/mobiliar\/","name":"Mobiliar","description":"Sua casa do seu jeito!","publisher":{"@id":"https:\/\/louismenezes.com.br\/portfolio\/mobiliar\/#organization"},"potentialAction":[{"@type":"SearchAction","target":{"@type":"EntryPoint","urlTemplate":"https:\/\/louismenezes.com.br\/portfolio\/mobiliar\/?s={search_term_string}"},"query-input":{"@type":"PropertyValueSpecification","valueRequired":true,"valueName":"search_term_string"}}],"inLanguage":"pt-BR"},{"@type":"Organization","@id":"https:\/\/louismenezes.com.br\/portfolio\/mobiliar\/#organization","name":"Mobiliar","url":"https:\/\/louismenezes.com.br\/portfolio\/mobiliar\/","logo":{"@type":"ImageObject","inLanguage":"pt-BR","@id":"https:\/\/louismenezes.com.br\/portfolio\/mobiliar\/#\/schema\/logo\/image\/","url":"https:\/\/louismenezes.com.br\/portfolio\/mobiliar\/wp-content\/uploads\/2021\/12\/logo-mobiliar-1.png","contentUrl":"https:\/\/louismenezes.com.br\/portfolio\/mobiliar\/wp-content\/uploads\/2021\/12\/logo-mobiliar-1.png","width":717,"height":133,"caption":"Mobiliar"},"image":{"@id":"https:\/\/louismenezes.com.br\/portfolio\/mobiliar\/#\/schema\/logo\/image\/"}}]}},"_links":{"self":[{"href":"https:\/\/louismenezes.com.br\/portfolio\/mobiliar\/wp-json\/wp\/v2\/product\/45","targetHints":{"allow":["GET"]}}],"collection":[{"href":"https:\/\/louismenezes.com.br\/portfolio\/mobiliar\/wp-json\/wp\/v2\/product"}],"about":[{"href":"https:\/\/louismenezes.com.br\/portfolio\/mobiliar\/wp-json\/wp\/v2\/types\/product"}],"replies":[{"embeddable":true,"href":"https:\/\/louismenezes.com.br\/portfolio\/mobiliar\/wp-json\/wp\/v2\/comments?post=45"}],"wp:featuredmedia":[{"embeddable":true,"href":"https:\/\/louismenezes.com.br\/portfolio\/mobiliar\/wp-json\/wp\/v2\/media\/15"}],"wp:attachment":[{"href":"https:\/\/louismenezes.com.br\/portfolio\/mobiliar\/wp-json\/wp\/v2\/media?parent=45"}],"wp:term":[{"taxonomy":"product_brand","embeddable":true,"href":"https:\/\/louismenezes.com.br\/portfolio\/mobiliar\/wp-json\/wp\/v2\/product_brand?post=45"},{"taxonomy":"product_cat","embeddable":true,"href":"https:\/\/louismenezes.com.br\/portfolio\/mobiliar\/wp-json\/wp\/v2\/product_cat?post=45"},{"taxonomy":"product_tag","embeddable":true,"href":"https:\/\/louismenezes.com.br\/portfolio\/mobiliar\/wp-json\/wp\/v2\/product_tag?post=45"}],"curies":[{"name":"wp","href":"https:\/\/api.w.org\/{rel}","templated":true}]}}