{"id":38,"date":"2021-12-22T09:13:02","date_gmt":"2021-12-22T12:13:02","guid":{"rendered":"https:\/\/louismenezes.com.br\/portfolio\/mobiliar\/?post_type=product&#038;p=38"},"modified":"2021-12-23T09:03:28","modified_gmt":"2021-12-23T12:03:28","slug":"poltrona-decorativa-opala-pes-palito","status":"publish","type":"product","link":"https:\/\/louismenezes.com.br\/portfolio\/mobiliar\/produto\/poltrona-decorativa-opala-pes-palito\/","title":{"rendered":"Poltrona Decorativa Opala &#8211; P\u00e9s Palito"},"content":{"rendered":"<div id=\"tab-description\" class=\"woocommerce-Tabs-panel woocommerce-Tabs-panel--description panel entry-content wc-tab\" role=\"tabpanel\" aria-labelledby=\"tab-title-description\">\n<h2>Descri\u00e7\u00e3o<\/h2>\n<p>Poltrona Opala<\/p>\n<p>Para um ambiente de bom gosto e bem decorado, essa poltrona foi desenvolvido com o que h\u00e1 de modernO. Design inovador e muita beleza.<br \/>\nA poltrona Opala \u00e9 a pe\u00e7a chave para compor qualquer ambiente, contando com costuras de alta qualidade e m\u00e1t\u00e9ria prima de primeira.<br \/>\nSempre desenvolvemos nossos produtos pensando em atender a necessidade do cliente, colocando conforto e qualidade sempre a frente.<\/p>\n<p>A poltrona opala conta com mat\u00e9ria prima de primeira qualidade, utilizamos madeira maci\u00e7a eucalipto para estruturas, utilizamos grampos galvanizados para fixa\u00e7\u00e3o, percintas italianas no encosto e assento tornando assim o conforto inigual\u00e1vel,<br \/>\nconta com forra\u00e7\u00e3o de tecido, espumas d-23 nos bra\u00e7os e espuma d-26 no assento e encosto, acabamento em tecido suede classe A. Os p\u00e9s, s\u00e3o de madeira maci\u00e7a torneados acabamento com cera transparente.<\/p>\n<p>Medidas (cm)<br \/>\nAltura 83cm<br \/>\nLargura 63cm<br \/>\nComprimento 75cm<\/p>\n<p>Recomenda\u00e7\u00f5es:<br \/>\nPeso suportado: 150kg<\/p>\n<p>N\u00e3o expor ao sol, n\u00e3o utilizar produtos qu\u00edmicos para limpeza, manter longe da umidade, n\u00e3o lavar.<\/p>\n<p>Limpeza: Pano umedecido com \u00e1gua.<\/p>\n<p>Garantia de f\u00e1brica 3 meses.<\/p>\n<\/div>\n","protected":false},"excerpt":{"rendered":"<p>Poltrona Opala<\/p>\n<p>Para um ambiente de bom gosto e bem decorado, essa poltrona foi desenvolvido com o que h\u00e1 de modernO. Design inovador e muita beleza.<br \/>\nA poltrona Opala \u00e9 a pe\u00e7a chave para compor qualquer ambiente, contando com costuras de alta qualidade e m\u00e1t\u00e9ria prima de primeira.<br \/>\nSempre desenvolvemos nossos produtos pensando em atender a necessidade do cliente, colocando conforto e qualidade sempre a frente.<\/p>\n","protected":false},"featured_media":44,"comment_status":"open","ping_status":"closed","template":"","meta":[],"product_brand":[],"product_cat":[16,21,17],"product_tag":[],"class_list":{"0":"post-38","1":"product","2":"type-product","3":"status-publish","4":"has-post-thumbnail","6":"product_cat-moveis","7":"product_cat-poltronas","8":"product_cat-sala-de-estar","10":"first","11":"instock","12":"sale","13":"shipping-taxable","14":"purchasable","15":"product-type-variable"},"yoast_head":"<!-- This site is optimized with the Yoast SEO plugin v27.2 - https:\/\/yoast.com\/product\/yoast-seo-wordpress\/ -->\n<title>Poltrona Decorativa Opala - P\u00e9s Palito - Mobiliar<\/title>\n<meta name=\"robots\" content=\"index, follow, max-snippet:-1, max-image-preview:large, max-video-preview:-1\" \/>\n<link rel=\"canonical\" href=\"https:\/\/louismenezes.com.br\/portfolio\/mobiliar\/produto\/poltrona-decorativa-opala-pes-palito\/\" \/>\n<meta property=\"og:locale\" content=\"pt_BR\" \/>\n<meta property=\"og:type\" content=\"article\" \/>\n<meta property=\"og:title\" content=\"Poltrona Decorativa Opala - P\u00e9s Palito - Mobiliar\" \/>\n<meta property=\"og:description\" content=\"Poltrona Opala  Para um ambiente de bom gosto e bem decorado, essa poltrona foi desenvolvido com o que h\u00e1 de modernO. Design inovador e muita beleza. A poltrona Opala \u00e9 a pe\u00e7a chave para compor qualquer ambiente, contando com costuras de alta qualidade e m\u00e1t\u00e9ria prima de primeira. Sempre desenvolvemos nossos produtos pensando em atender a necessidade do cliente, colocando conforto e qualidade sempre a frente.\" \/>\n<meta property=\"og:url\" content=\"https:\/\/louismenezes.com.br\/portfolio\/mobiliar\/produto\/poltrona-decorativa-opala-pes-palito\/\" \/>\n<meta property=\"og:site_name\" content=\"Mobiliar\" \/>\n<meta property=\"article:modified_time\" content=\"2021-12-23T12:03:28+00:00\" \/>\n<meta property=\"og:image\" content=\"https:\/\/louismenezes.com.br\/portfolio\/mobiliar\/wp-content\/uploads\/2021\/12\/poltrona-rose.jpg\" \/>\n\t<meta property=\"og:image:width\" content=\"983\" \/>\n\t<meta property=\"og:image:height\" content=\"839\" \/>\n\t<meta property=\"og:image:type\" content=\"image\/jpeg\" \/>\n<meta name=\"twitter:card\" content=\"summary_large_image\" \/>\n<meta name=\"twitter:label1\" content=\"Est. tempo de leitura\" \/>\n\t<meta name=\"twitter:data1\" content=\"1 minuto\" \/>\n<script type=\"application\/ld+json\" class=\"yoast-schema-graph\">{\"@context\":\"https:\/\/schema.org\",\"@graph\":[{\"@type\":\"WebPage\",\"@id\":\"https:\/\/louismenezes.com.br\/portfolio\/mobiliar\/produto\/poltrona-decorativa-opala-pes-palito\/\",\"url\":\"https:\/\/louismenezes.com.br\/portfolio\/mobiliar\/produto\/poltrona-decorativa-opala-pes-palito\/\",\"name\":\"Poltrona Decorativa Opala - P\u00e9s Palito - Mobiliar\",\"isPartOf\":{\"@id\":\"https:\/\/louismenezes.com.br\/portfolio\/mobiliar\/#website\"},\"primaryImageOfPage\":{\"@id\":\"https:\/\/louismenezes.com.br\/portfolio\/mobiliar\/produto\/poltrona-decorativa-opala-pes-palito\/#primaryimage\"},\"image\":{\"@id\":\"https:\/\/louismenezes.com.br\/portfolio\/mobiliar\/produto\/poltrona-decorativa-opala-pes-palito\/#primaryimage\"},\"thumbnailUrl\":\"https:\/\/louismenezes.com.br\/portfolio\/mobiliar\/wp-content\/uploads\/2021\/12\/poltrona-rose.jpg\",\"datePublished\":\"2021-12-22T12:13:02+00:00\",\"dateModified\":\"2021-12-23T12:03:28+00:00\",\"breadcrumb\":{\"@id\":\"https:\/\/louismenezes.com.br\/portfolio\/mobiliar\/produto\/poltrona-decorativa-opala-pes-palito\/#breadcrumb\"},\"inLanguage\":\"pt-BR\",\"potentialAction\":[{\"@type\":\"ReadAction\",\"target\":[\"https:\/\/louismenezes.com.br\/portfolio\/mobiliar\/produto\/poltrona-decorativa-opala-pes-palito\/\"]}]},{\"@type\":\"ImageObject\",\"inLanguage\":\"pt-BR\",\"@id\":\"https:\/\/louismenezes.com.br\/portfolio\/mobiliar\/produto\/poltrona-decorativa-opala-pes-palito\/#primaryimage\",\"url\":\"https:\/\/louismenezes.com.br\/portfolio\/mobiliar\/wp-content\/uploads\/2021\/12\/poltrona-rose.jpg\",\"contentUrl\":\"https:\/\/louismenezes.com.br\/portfolio\/mobiliar\/wp-content\/uploads\/2021\/12\/poltrona-rose.jpg\",\"width\":983,\"height\":839},{\"@type\":\"BreadcrumbList\",\"@id\":\"https:\/\/louismenezes.com.br\/portfolio\/mobiliar\/produto\/poltrona-decorativa-opala-pes-palito\/#breadcrumb\",\"itemListElement\":[{\"@type\":\"ListItem\",\"position\":1,\"name\":\"In\u00edcio\",\"item\":\"https:\/\/louismenezes.com.br\/portfolio\/mobiliar\/\"},{\"@type\":\"ListItem\",\"position\":2,\"name\":\"Loja\",\"item\":\"https:\/\/louismenezes.com.br\/portfolio\/mobiliar\/loja\/\"},{\"@type\":\"ListItem\",\"position\":3,\"name\":\"Poltrona Decorativa Opala &#8211; P\u00e9s Palito\"}]},{\"@type\":\"WebSite\",\"@id\":\"https:\/\/louismenezes.com.br\/portfolio\/mobiliar\/#website\",\"url\":\"https:\/\/louismenezes.com.br\/portfolio\/mobiliar\/\",\"name\":\"Mobiliar\",\"description\":\"Sua casa do seu jeito!\",\"publisher\":{\"@id\":\"https:\/\/louismenezes.com.br\/portfolio\/mobiliar\/#organization\"},\"potentialAction\":[{\"@type\":\"SearchAction\",\"target\":{\"@type\":\"EntryPoint\",\"urlTemplate\":\"https:\/\/louismenezes.com.br\/portfolio\/mobiliar\/?s={search_term_string}\"},\"query-input\":{\"@type\":\"PropertyValueSpecification\",\"valueRequired\":true,\"valueName\":\"search_term_string\"}}],\"inLanguage\":\"pt-BR\"},{\"@type\":\"Organization\",\"@id\":\"https:\/\/louismenezes.com.br\/portfolio\/mobiliar\/#organization\",\"name\":\"Mobiliar\",\"url\":\"https:\/\/louismenezes.com.br\/portfolio\/mobiliar\/\",\"logo\":{\"@type\":\"ImageObject\",\"inLanguage\":\"pt-BR\",\"@id\":\"https:\/\/louismenezes.com.br\/portfolio\/mobiliar\/#\/schema\/logo\/image\/\",\"url\":\"https:\/\/louismenezes.com.br\/portfolio\/mobiliar\/wp-content\/uploads\/2021\/12\/logo-mobiliar-1.png\",\"contentUrl\":\"https:\/\/louismenezes.com.br\/portfolio\/mobiliar\/wp-content\/uploads\/2021\/12\/logo-mobiliar-1.png\",\"width\":717,\"height\":133,\"caption\":\"Mobiliar\"},\"image\":{\"@id\":\"https:\/\/louismenezes.com.br\/portfolio\/mobiliar\/#\/schema\/logo\/image\/\"}}]}<\/script>\n<!-- \/ Yoast SEO plugin. -->","yoast_head_json":{"title":"Poltrona Decorativa Opala - P\u00e9s Palito - Mobiliar","robots":{"index":"index","follow":"follow","max-snippet":"max-snippet:-1","max-image-preview":"max-image-preview:large","max-video-preview":"max-video-preview:-1"},"canonical":"https:\/\/louismenezes.com.br\/portfolio\/mobiliar\/produto\/poltrona-decorativa-opala-pes-palito\/","og_locale":"pt_BR","og_type":"article","og_title":"Poltrona Decorativa Opala - P\u00e9s Palito - Mobiliar","og_description":"Poltrona Opala  Para um ambiente de bom gosto e bem decorado, essa poltrona foi desenvolvido com o que h\u00e1 de modernO. Design inovador e muita beleza. A poltrona Opala \u00e9 a pe\u00e7a chave para compor qualquer ambiente, contando com costuras de alta qualidade e m\u00e1t\u00e9ria prima de primeira. Sempre desenvolvemos nossos produtos pensando em atender a necessidade do cliente, colocando conforto e qualidade sempre a frente.","og_url":"https:\/\/louismenezes.com.br\/portfolio\/mobiliar\/produto\/poltrona-decorativa-opala-pes-palito\/","og_site_name":"Mobiliar","article_modified_time":"2021-12-23T12:03:28+00:00","og_image":[{"width":983,"height":839,"url":"https:\/\/louismenezes.com.br\/portfolio\/mobiliar\/wp-content\/uploads\/2021\/12\/poltrona-rose.jpg","type":"image\/jpeg"}],"twitter_card":"summary_large_image","twitter_misc":{"Est. tempo de leitura":"1 minuto"},"schema":{"@context":"https:\/\/schema.org","@graph":[{"@type":"WebPage","@id":"https:\/\/louismenezes.com.br\/portfolio\/mobiliar\/produto\/poltrona-decorativa-opala-pes-palito\/","url":"https:\/\/louismenezes.com.br\/portfolio\/mobiliar\/produto\/poltrona-decorativa-opala-pes-palito\/","name":"Poltrona Decorativa Opala - P\u00e9s Palito - Mobiliar","isPartOf":{"@id":"https:\/\/louismenezes.com.br\/portfolio\/mobiliar\/#website"},"primaryImageOfPage":{"@id":"https:\/\/louismenezes.com.br\/portfolio\/mobiliar\/produto\/poltrona-decorativa-opala-pes-palito\/#primaryimage"},"image":{"@id":"https:\/\/louismenezes.com.br\/portfolio\/mobiliar\/produto\/poltrona-decorativa-opala-pes-palito\/#primaryimage"},"thumbnailUrl":"https:\/\/louismenezes.com.br\/portfolio\/mobiliar\/wp-content\/uploads\/2021\/12\/poltrona-rose.jpg","datePublished":"2021-12-22T12:13:02+00:00","dateModified":"2021-12-23T12:03:28+00:00","breadcrumb":{"@id":"https:\/\/louismenezes.com.br\/portfolio\/mobiliar\/produto\/poltrona-decorativa-opala-pes-palito\/#breadcrumb"},"inLanguage":"pt-BR","potentialAction":[{"@type":"ReadAction","target":["https:\/\/louismenezes.com.br\/portfolio\/mobiliar\/produto\/poltrona-decorativa-opala-pes-palito\/"]}]},{"@type":"ImageObject","inLanguage":"pt-BR","@id":"https:\/\/louismenezes.com.br\/portfolio\/mobiliar\/produto\/poltrona-decorativa-opala-pes-palito\/#primaryimage","url":"https:\/\/louismenezes.com.br\/portfolio\/mobiliar\/wp-content\/uploads\/2021\/12\/poltrona-rose.jpg","contentUrl":"https:\/\/louismenezes.com.br\/portfolio\/mobiliar\/wp-content\/uploads\/2021\/12\/poltrona-rose.jpg","width":983,"height":839},{"@type":"BreadcrumbList","@id":"https:\/\/louismenezes.com.br\/portfolio\/mobiliar\/produto\/poltrona-decorativa-opala-pes-palito\/#breadcrumb","itemListElement":[{"@type":"ListItem","position":1,"name":"In\u00edcio","item":"https:\/\/louismenezes.com.br\/portfolio\/mobiliar\/"},{"@type":"ListItem","position":2,"name":"Loja","item":"https:\/\/louismenezes.com.br\/portfolio\/mobiliar\/loja\/"},{"@type":"ListItem","position":3,"name":"Poltrona Decorativa Opala &#8211; P\u00e9s Palito"}]},{"@type":"WebSite","@id":"https:\/\/louismenezes.com.br\/portfolio\/mobiliar\/#website","url":"https:\/\/louismenezes.com.br\/portfolio\/mobiliar\/","name":"Mobiliar","description":"Sua casa do seu jeito!","publisher":{"@id":"https:\/\/louismenezes.com.br\/portfolio\/mobiliar\/#organization"},"potentialAction":[{"@type":"SearchAction","target":{"@type":"EntryPoint","urlTemplate":"https:\/\/louismenezes.com.br\/portfolio\/mobiliar\/?s={search_term_string}"},"query-input":{"@type":"PropertyValueSpecification","valueRequired":true,"valueName":"search_term_string"}}],"inLanguage":"pt-BR"},{"@type":"Organization","@id":"https:\/\/louismenezes.com.br\/portfolio\/mobiliar\/#organization","name":"Mobiliar","url":"https:\/\/louismenezes.com.br\/portfolio\/mobiliar\/","logo":{"@type":"ImageObject","inLanguage":"pt-BR","@id":"https:\/\/louismenezes.com.br\/portfolio\/mobiliar\/#\/schema\/logo\/image\/","url":"https:\/\/louismenezes.com.br\/portfolio\/mobiliar\/wp-content\/uploads\/2021\/12\/logo-mobiliar-1.png","contentUrl":"https:\/\/louismenezes.com.br\/portfolio\/mobiliar\/wp-content\/uploads\/2021\/12\/logo-mobiliar-1.png","width":717,"height":133,"caption":"Mobiliar"},"image":{"@id":"https:\/\/louismenezes.com.br\/portfolio\/mobiliar\/#\/schema\/logo\/image\/"}}]}},"_links":{"self":[{"href":"https:\/\/louismenezes.com.br\/portfolio\/mobiliar\/wp-json\/wp\/v2\/product\/38","targetHints":{"allow":["GET"]}}],"collection":[{"href":"https:\/\/louismenezes.com.br\/portfolio\/mobiliar\/wp-json\/wp\/v2\/product"}],"about":[{"href":"https:\/\/louismenezes.com.br\/portfolio\/mobiliar\/wp-json\/wp\/v2\/types\/product"}],"replies":[{"embeddable":true,"href":"https:\/\/louismenezes.com.br\/portfolio\/mobiliar\/wp-json\/wp\/v2\/comments?post=38"}],"wp:featuredmedia":[{"embeddable":true,"href":"https:\/\/louismenezes.com.br\/portfolio\/mobiliar\/wp-json\/wp\/v2\/media\/44"}],"wp:attachment":[{"href":"https:\/\/louismenezes.com.br\/portfolio\/mobiliar\/wp-json\/wp\/v2\/media?parent=38"}],"wp:term":[{"taxonomy":"product_brand","embeddable":true,"href":"https:\/\/louismenezes.com.br\/portfolio\/mobiliar\/wp-json\/wp\/v2\/product_brand?post=38"},{"taxonomy":"product_cat","embeddable":true,"href":"https:\/\/louismenezes.com.br\/portfolio\/mobiliar\/wp-json\/wp\/v2\/product_cat?post=38"},{"taxonomy":"product_tag","embeddable":true,"href":"https:\/\/louismenezes.com.br\/portfolio\/mobiliar\/wp-json\/wp\/v2\/product_tag?post=38"}],"curies":[{"name":"wp","href":"https:\/\/api.w.org\/{rel}","templated":true}]}}